242 and 54.
54
What is the greatest common divisor of 40 and 425?
5
What is the greatest common factor of 300 and 552?
12
Calculate the greatest common factor of 605 and 3751.
121
Calculate the greatest common factor of 1020 and 1.
1
What is the greatest common divisor of 507 and 195?
39
Calculate the greatest common factor of 3810 and 30.
30
What is the highest common divisor of 45 and 9780?
15
Calculate the highest common factor of 31636 and 22.
22
What is the highest common factor of 1634 and 38?
38
What is the highest common factor of 38 and 114?
38
Calculate the highest common divisor of 182 and 112.
14
Calculate the greatest common factor of 30 and 687.
3
What is the highest common factor of 11 and 7403?
11
What is the highest common divisor of 15 and 570?
15
What is the greatest common factor of 41 and 328?
41
Calculate the greatest common factor of 13478 and 138.
46
Calculate the greatest common divisor of 1537 and 348.
29
What is the highest common factor of 4 and 44?
4
Calculate the greatest common factor of 270 and 1065.
15
Calculate the highest common divisor of 80 and 200.
40
What is the greatest common divisor of 26 and 338?
26
What is the highest common divisor of 238 and 70?
14
Calculate the greatest common factor of 640 and 192.
64
Calculate the highest common factor of 5654 and 22.
22
Calculate the greatest common factor of 4752 and 44.
44
Calculate the greatest common divisor of 11 and 77.
11
What is the greatest common divisor of 1843 and 57?
19
Calculate the highest common divisor of 50 and 2.
2
What is the greatest common factor of 21330 and 79?
79
What is the highest common divisor of 9378 and 12?
6
What is the highest common divisor of 18 and 3474?
18
Calculate the highest common divisor of 53 and 159.
53
Calculate the greatest common factor of 31 and 496.
31
Calculate the greatest common divisor of 73 and 292.
73
What is the greatest common divisor of 174 and 609?
87
What is the greatest common divisor of 224 and 560?
112
Calculate the greatest common divisor of 100 and 4.
4
Calculate the greatest common divisor of 475 and 4256.
19
Calculate the greatest common divisor of 3288 and 84.
12
Calculate the greatest common factor of 154 and 1008.
14
Calculate the greatest common divisor of 200 and 700.
100
What is the highest common divisor of 171 and 117?
9
What is the greatest common factor of 84 and 378?
42
What is the highest common factor of 6714 and 36?
18
What is the greatest common factor of 1122 and 352?
22
What is the greatest common divisor of 260 and 110?
10
Calculate the highest common factor of 851 and 92.
23
Calculate the greatest common factor of 46 and 3174.
46
What is the greatest common divisor of 79 and 1185?
79
What is the highest common divisor of 81 and 378?
27
What is the greatest common factor of 235 and 94?
47
Calculate the highest common divisor of 96 and 112.
16
What is the highest common factor of 24 and 1572?
12
Calculate the highest common divisor of 150 and 240.
30
Calculate the highest common divisor of 33 and 339.
3
What is the greatest common factor of 3978 and 54?
18
Calculate the highest common divisor of 34 and 15742.
34
Calculate the greatest common divisor of 3 and 198.
3
What is the highest common divisor of 520 and 440?
40
Calculate the greatest common divisor of 5 and 20.
5
Calculate the greatest common factor of 611 and 141.
47
What is the highest common divisor of 6360 and 120?
120
Calculate the highest common factor of 184 and 1058.
46
What is the greatest common factor of 96 and 12?
12
Calculate the greatest common factor of 42 and 231.
21
What is the highest common divisor of 414 and 92?
46
What is the highest common divisor of 3411 and 9?
9
Calculate the highest common factor of 2 and 30.
2
What is the highest common factor of 186 and 1767?
93
What is the greatest common factor of 14 and 10?
2
What is the greatest common factor of 81 and 2538?
27
Calculate the highest common divisor of 210 and 1730.
10
Calculate the highest common factor of 323 and 85.
17
Calculate the greatest common divisor of 12 and 2778.
6
What is the greatest common divisor of 180 and 1740?
60
What is the greatest common divisor of 1165 and 5?
5
Calculate the greatest common divisor of 7 and 630.
7
Calculate the highest common factor of 2140 and 60.
20
What is the greatest common factor of 266 and 38?
38
Calculate the greatest common divisor of 54 and 2214.
54
What is the highest common divisor of 54 and 1446?
6
What is the greatest common factor of 1107 and 135?
27
Calculate the greatest common divisor of 116 and 29812.
116
What is the greatest common divisor of 22 and 608?
2
What is the highest common factor of 63 and 2226?
21
Calculate the greatest common factor of 55 and 50.
5
What is the highest common divisor of 3260 and 20?
20
What is the highest common factor of 20 and 1460?
20
Calculate the greatest common factor of 200 and 80.
40
Calculate the greatest common divisor of 140 and 5620.
20
What is the greatest common factor of 19 and 437?
19
Calculate the highest common factor of 806 and 26.
26
What is the greatest common divisor of 77 and 21?
7
What is the greatest common factor of 146 and 73?
73
Calculate the highest common factor of 1316 and 532.
28
What is the greatest common factor of 6049 and 69?
23
What is the greatest common divisor of 30 and 435?
15
What is the highest common factor of 63 and 12?
3
Calculate the greatest common divisor of 15700 and 157.
157
Calculate the highest common factor of 57 and 247.
19
What is the greatest common factor of 34 and 4?
2
What is the highest common divisor of 2831 and 247?
19
Calculate the greatest common divisor of 8 and 144.
8
Calculate the greatest common divisor of 115 and 35.
5
Calculate the greatest common factor of 55 and 77.
11
Calculate the greatest common divisor of 1057 and 7.
7
Calculate the highest common divisor of 6375 and 50.
25
Calculate the greatest common divisor of 69 and 21.
3
Calculate the greatest common factor of 12 and 416.
4
Calculate the greatest common divisor of 99 and 341.
11
Calculate the highest common divisor of 6424 and 616.
88
Calculate the highest common divisor of 3 and 24.
3
What is the highest common divisor of 150 and 20?
10
What is the greatest common factor of 187 and 17?
17
What is the greatest common divisor of 752 and 1034?
94
Calculate the highest common divisor of 840 and 70.
70
What is the greatest common factor of 306 and 198?
18
What is the highest common divisor of 8056 and 380?
76
Calculate the greatest common divisor of 2964 and 65.
13
What is the greatest common divisor of 74 and 118548?
74
What is the greatest common divisor of 351 and 2691?
117
Calculate the highest common divisor of 704 and 22.
22
Calculate the highest common factor of 464 and 1102.
58
What is the greatest common divisor of 116 and 4?
4
What is the highest common divisor of 88 and 297?
11
Calculate the highest common divisor of 230 and 138.
46
Calculate the highest common divisor of 14 and 567.
7
What is the highest common factor of 1456 and 2093?
91
Calculate the highest common factor of 134 and 15008.
134
What is the greatest common factor of 60 and 15?
15
What is the greatest common divisor of 105 and 1344?
21
Calculate the highest common divisor of 8498 and 14.
14
What is the greatest common factor of 637 and 441?
49
What is the highest common factor of 8364 and 2?
2
What is the highest common divisor of 434 and 42?
14
Calculate the highest common factor of 32 and 1008.
16
What is the greatest common divisor of 81 and 108?
27
What is the greatest common factor of 45 and 105?
15
Calculate the greatest common divisor of 27 and 3510.
27
Calculate the greatest common factor of 216 and 1836.
108
Calculate the highest common factor of 35355 and 15.
15
What is the greatest common factor of 33 and 12?
3
What is the highest common factor of 172 and 28?
4
Calculate the highest common divisor of 836 and 44.
44
Calculate the greatest common divisor of 5150 and 600.
50
Calculate the highest common factor of 131 and 1048.
131
What is the highest common divisor of 315 and 1659?
21
What is the greatest common divisor of 18 and 117?
9
What is the highest common factor of 41 and 123?
41
Calculate the greatest common factor of 78 and 416.
